{"id":2143,"date":"2021-06-23T23:56:02","date_gmt":"2021-06-23T23:56:02","guid":{"rendered":"https:\/\/ba.warchildhood.org\/?page_id=2143"},"modified":"2025-06-18T12:58:21","modified_gmt":"2025-06-18T10:58:21","slug":"djetinjstva-obiljezena-ratom-u-bih","status":"publish","type":"page","link":"https:\/\/warchildhood.org\/ba\/djetinjstva-obiljezena-ratom-u-bih\/","title":{"rendered":"Djetinjstva obilje\u017eena ratom u BiH"},"content":{"rendered":"[vc_row type=&#8221;in_container&#8221; full_screen_row_position=&#8221;middle&#8221; column_margin=&#8221;default&#8221; column_direction=&#8221;default&#8221; column_direction_tablet=&#8221;default&#8221; column_direction_phone=&#8221;default&#8221; scene_position=&#8221;center&#8221; text_color=&#8221;dark&#8221; text_align=&#8221;left&#8221; row_border_radius=&#8221;none&#8221; row_border_radius_applies=&#8221;bg&#8221; overlay_strength=&#8221;0.3&#8243; gradient_direction=&#8221;left_to_right&#8221; shape_divider_position=&#8221;bottom&#8221; bg_image_animation=&#8221;none&#8221;][vc_column column_padding=&#8221;no-extra-padding&#8221; column_padding_tablet=&#8221;inherit&#8221; column_padding_phone=&#8221;inherit&#8221; column_padding_position=&#8221;all&#8221; column_element_spacing=&#8221;default&#8221; background_color_opacity=&#8221;1&#8243; background_hover_color_opacity=&#8221;1&#8243; column_shadow=&#8221;none&#8221; column_border_radius=&#8221;none&#8221; column_link_target=&#8221;_self&#8221; gradient_direction=&#8221;left_to_right&#8221; overlay_strength=&#8221;0.3&#8243; width=&#8221;1\/1&#8243; tablet_width_inherit=&#8221;default&#8221; tablet_text_alignment=&#8221;default&#8221; phone_text_alignment=&#8221;default&#8221; bg_image_animation=&#8221;none&#8221; border_type=&#8221;simple&#8221; column_border_width=&#8221;none&#8221; column_border_style=&#8221;solid&#8221;][divider line_type=&#8221;No Line&#8221; custom_height=&#8221;30&#8243;][\/vc_column][\/vc_row][vc_row type=&#8221;in_container&#8221; full_screen_row_position=&#8221;middle&#8221; column_margin=&#8221;default&#8221; column_direction=&#8221;default&#8221; column_direction_tablet=&#8221;default&#8221; column_direction_phone=&#8221;default&#8221; scene_position=&#8221;center&#8221; text_color=&#8221;dark&#8221; text_align=&#8221;left&#8221; row_border_radius=&#8221;none&#8221; row_border_radius_applies=&#8221;bg&#8221; overlay_strength=&#8221;0.3&#8243; gradient_direction=&#8221;left_to_right&#8221; shape_divider_position=&#8221;bottom&#8221; bg_image_animation=&#8221;none&#8221;][vc_column column_padding=&#8221;no-extra-padding&#8221; column_padding_tablet=&#8221;inherit&#8221; column_padding_phone=&#8221;inherit&#8221; column_padding_position=&#8221;all&#8221; column_element_spacing=&#8221;default&#8221; background_color_opacity=&#8221;1&#8243; background_hover_color_opacity=&#8221;1&#8243; column_shadow=&#8221;none&#8221; column_border_radius=&#8221;none&#8221; column_link_target=&#8221;_self&#8221; gradient_direction=&#8221;left_to_right&#8221; overlay_strength=&#8221;0.3&#8243; width=&#8221;1\/2&#8243; tablet_width_inherit=&#8221;default&#8221; tablet_text_alignment=&#8221;default&#8221; phone_text_alignment=&#8221;default&#8221; bg_image_animation=&#8221;none&#8221; border_type=&#8221;simple&#8221; column_border_width=&#8221;none&#8221; column_border_style=&#8221;solid&#8221;][vc_column_text]U glavnom gradu zemlje u kojoj je nastao, Muzej ratnog djetinjstva ima<strong> stalnu postavku posve\u0107enu prevashodno iskustvima ljudi \u010dija je djetinjstva obilje\u017eio rat u Bosni i Hercegovini 1990-ih godina.<\/strong> Danas Muzej u svojoj bh. kolekciji \u010duva preko <strong>6.000 eksponata specifi\u010dnog zna\u010daja<\/strong> koji su prikupljeni direktno iz zajednice. Osim toga, Muzej je u BiH snimio i preko <strong>300 sati audio i videosvjedo\u010denja metodom oralne historije.<\/strong> Briga o svim ovim materijalima je prioritet u radu Muzeja ratnog djetinjstva, te zbog toga ostajemo fokusirani na dugoro\u010dnu prezervaciju, ali digitalizaciju, obradu i ustupanje prikupljenih materijala.<\/p>\n<p>I dok bh. kolekcija MRD kontinuirano raste, Muzej tako\u0111er implementira i druge pojedina\u010dne istra\u017eiva\u010dko-izlaga\u010dke projekte poput projekta &#8220;<a href=\"https:\/\/warchildhood.org\/ba\/djeca-i-genocid-u-srebrenici\/\" target=\"_blank\" rel=\"noopener\">Djeca i genocid<\/a>&#8221; implementiranog sa Memorijalnim centrom Srebrenica, odnosno projekta &#8220;<a href=\"https:\/\/warchildhood.org\/ba\/izlozba-progovarajmo\/\" target=\"_blank\" rel=\"noopener\">Progovara(j)mo<\/a>&#8221; implementiranog sa IOM-om. Ova dva projekta prvi su sistematski poku\u0161aji dokumentaciji genocida u Srebrenici iz ugla djece, odnosno iskustava \u017eena koje su kao djeca pre\u017eivjele seksualno nasilje i djece ro\u0111ene zbog rata. Samo projekt &#8220;Djeca i genocid&#8221; rezultirao je sa preko 70 sati videosvjedo\u010denja i preko 100 prikupljenih li\u010dnih uspomena.<\/p>\n<p>Kolekcija Muzeja ratnog djetinjstva koristi se u <strong>istra\u017eiva\u010dke, izlaga\u010dke i edukativne svrhe<\/strong>. Svojom stalnom postavkom u Sarajevu Muzej nastoji:<\/p>\n<ul>\n<li>Pru\u017eiti jedinstven uvid u dje\u010diju perspektivu rata<\/li>\n<li>Pomo\u0107i pojedincima i dru\u0161tvu da prevazi\u0111e traumati\u010dna iskustva kroz:<\/li>\n<\/ul>\n<ol type=\"1\">\n<li>Pru\u017eanje prilike da ispri\u010daju svoje pri\u010de, \u0161to iz iskustva MRD mo\u017ee podr\u017eati procesuiranje traume na li\u010dnom nivou;<\/li>\n<li>Pru\u017eanje prilike za povezivanje sa drugima koji dijele sli\u010dna iskustva, stvaraju\u0107i osje\u0107aj \u0161ire zajednice.<\/li>\n<\/ol>\n<p>Prikupljeni materijali redovno su <strong>kori\u0161teni u istra\u017eiva\u010dke svrhe od strane nau\u010dnika i istra\u017eiva\u010da iz cijelog svijeta.<\/strong> Prepoznaju\u0107i vrijednost mirovne edukacije, Muzej koristi prikupljene materijale i u <strong>svojim edukativnim radionicama za u\u010denike svih uzrasta<\/strong>. Na ovim radionicama oni istra\u017euju, preispituju i u\u010de o zna\u010daju mira. Samo u BiH <strong>MRD radi sa vi\u0161e od 200 obrazovnih ustanova i sa hiljadama djece iz osnovnih i srednjih \u0161kola svake godine.<\/strong>[\/vc_column_text][\/vc_column][vc_column column_padding=&#8221;no-extra-padding&#8221; column_padding_tablet=&#8221;inherit&#8221; column_padding_phone=&#8221;inherit&#8221; column_padding_position=&#8221;all&#8221; column_element_spacing=&#8221;default&#8221; background_color_opacity=&#8221;1&#8243; background_hover_color_opacity=&#8221;1&#8243; column_shadow=&#8221;none&#8221; column_border_radius=&#8221;none&#8221; column_link_target=&#8221;_self&#8221; gradient_direction=&#8221;left_to_right&#8221; overlay_strength=&#8221;0.3&#8243; width=&#8221;1\/2&#8243; tablet_width_inherit=&#8221;default&#8221; tablet_text_alignment=&#8221;default&#8221; phone_text_alignment=&#8221;default&#8221; bg_image_animation=&#8221;none&#8221; border_type=&#8221;simple&#8221; column_border_width=&#8221;none&#8221; column_border_style=&#8221;solid&#8221;][vc_gallery type=&#8221;flexslider_style&#8221; images=&#8221;1006,1005,1004,1003,1002,1001,1000&#8243; onclick=&#8221;link_no&#8221;][vc_column_text css=&#8221;.vc_custom_1712670604850{padding-top: 30px !important;padding-right: 30px !important;padding-bottom: 30px !important;padding-left: 30px !important;background-color: #f7f7f7 !important;}&#8221;]\n<h2>I ja sam bila izbjeglica<\/h2>\n<p>Na grad su ve\u0107 pucali&#8230; Tata je jedno ve\u010de do\u0161ao ku\u0107i i rekao: Sutra idete na more!<\/p>\n<p>Spakovala sam kofer: kupa\u0107i kostim, sandale, dnevnik. Idemo na more! Ujutro smo se brat, mama, tetka i ja pridru\u017eili konvoju koji je napu\u0161tao grad. Idemo na more&#8230;\u00a0 Konvoj su zaustavili ljudi sa crnim maskama. Tri dana su nas dr\u017eali kao taoce. Da li \u0107u ikada vi\u0161e vidjeti more? Dva mjeseca kasnije stigla sam u Holandiju. Jo\u0161 uvijek sam u Holandiji. Sve moje uspomene su u ovom koferu.<\/p>\n<p>Iva, ro\u0111ena 1981.[\/vc_column_text][\/vc_column][\/vc_row]\n","protected":false},"excerpt":{"rendered":"<p>[vc_row type=&#8221;in_container&#8221; full_screen_row_position=&#8221;middle&#8221; column_margin=&#8221;default&#8221; column_direction=&#8221;default&#8221; column_direction_tablet=&#8221;default&#8221; column_direction_phone=&#8221;default&#8221; scene_position=&#8221;center&#8221; text_color=&#8221;dark&#8221; text_align=&#8221;left&#8221; row_border_radius=&#8221;none&#8221; row_border_radius_applies=&#8221;bg&#8221; overlay_strength=&#8221;0.3&#8243; gradient_direction=&#8221;left_to_right&#8221; shape_divider_position=&#8221;bottom&#8221; bg_image_animation=&#8221;none&#8221;][vc_column column_padding=&#8221;no-extra-padding&#8221; column_padding_tablet=&#8221;inherit&#8221; column_padding_phone=&#8221;inherit&#8221; column_padding_position=&#8221;all&#8221; column_element_spacing=&#8221;default&#8221; background_color_opacity=&#8221;1&#8243; background_hover_color_opacity=&#8221;1&#8243; column_shadow=&#8221;none&#8221; column_border_radius=&#8221;none&#8221; column_link_target=&#8221;_self&#8221; gradient_direction=&#8221;left_to_right&#8221; overlay_strength=&#8221;0.3&#8243; width=&#8221;1\/1&#8243; tablet_width_inherit=&#8221;default&#8221;&#8230;<\/p>\n","protected":false},"author":1,"featured_media":1006,"parent":0,"menu_order":0,"comment_status":"closed","ping_status":"closed","template":"","meta":{"give_campaign_id":0,"_seopress_robots_primary_cat":"","_seopress_titles_title":"","_seopress_titles_desc":"","_seopress_robots_index":"","footnotes":""},"class_list":["post-2143","page","type-page","status-publish","has-post-thumbnail"],"campaignId":"","_links":{"self":[{"href":"https:\/\/warchildhood.org\/ba\/wp-json\/wp\/v2\/pages\/2143","targetHints":{"allow":["GET"]}}],"collection":[{"href":"https:\/\/warchildhood.org\/ba\/wp-json\/wp\/v2\/pages"}],"about":[{"href":"https:\/\/warchildhood.org\/ba\/wp-json\/wp\/v2\/types\/page"}],"author":[{"embeddable":true,"href":"https:\/\/warchildhood.org\/ba\/wp-json\/wp\/v2\/users\/1"}],"replies":[{"embeddable":true,"href":"https:\/\/warchildhood.org\/ba\/wp-json\/wp\/v2\/comments?post=2143"}],"version-history":[{"count":11,"href":"https:\/\/warchildhood.org\/ba\/wp-json\/wp\/v2\/pages\/2143\/revisions"}],"predecessor-version":[{"id":5733,"href":"https:\/\/warchildhood.org\/ba\/wp-json\/wp\/v2\/pages\/2143\/revisions\/5733"}],"wp:featuredmedia":[{"embeddable":true,"href":"https:\/\/warchildhood.org\/ba\/wp-json\/wp\/v2\/media\/1006"}],"wp:attachment":[{"href":"https:\/\/warchildhood.org\/ba\/wp-json\/wp\/v2\/media?parent=2143"}],"curies":[{"name":"wp","href":"https:\/\/api.w.org\/{rel}","templated":true}]}}

Djetinjstva obilježena ratom u BiH

[vc_row type=&#8221;in_container&#8221; full_screen_row_position=&#8221;middle&#8221; column_margin=&#8221;default&#8221; column_direction=&#8221;default&#8221; column_direction_tablet=&#8221;default&#8221; column_direction_phone=&#8221;default&#8221; scene_position=&#8221;center&#8221; text_color=&#8221;dark&#8221; text_align=&#8221;left&#8221; row_border_radius=&#8221;none&#8221; row_border_radius_applies=&#8221;bg&#8221; overlay_strength=&#8221;0.3&#8243; gradient_direction=&#8221;left_to_right&#8221; shape_divider_position=&#8221;bottom&#8221; bg_image_animation=&#8221;none&#8221;][vc_column column_padding=&#8221;no-extra-padding&#8221; column_padding_tablet=&#8221;inherit&#8221; column_padding_phone=&#8221;inherit&#8221; column_padding_position=&#8221;all&#8221; column_element_spacing=&#8221;default&#8221; background_color_opacity=&#8221;1&#8243; background_hover_color_opacity=&#8221;1&#8243; column_shadow=&#8221;none&#8221; column_border_radius=&#8221;none&#8221; column_link_target=&#8221;_self&#8221; gradient_direction=&#8221;left_to_right&#8221; overlay_strength=&#8221;0.3&#8243; width=&#8221;1/1&#8243; tablet_width_inherit=&#8221;default&#8221; tablet_text_alignment=&#8221;default&#8221; phone_text_alignment=&#8221;default&#8221; bg_image_animation=&#8221;none&#8221; border_type=&#8221;simple&#8221; column_border_width=&#8221;none&#8221; column_border_style=&#8221;solid&#8221;][divider line_type=&#8221;No Line&#8221; custom_height=&#8221;30&#8243;][/vc_column][/vc_row][vc_row type=&#8221;in_container&#8221; full_screen_row_position=&#8221;middle&#8221; column_margin=&#8221;default&#8221; column_direction=&#8221;default&#8221; column_direction_tablet=&#8221;default&#8221; column_direction_phone=&#8221;default&#8221; scene_position=&#8221;center&#8221; text_color=&#8221;dark&#8221; text_align=&#8221;left&#8221; row_border_radius=&#8221;none&#8221; row_border_radius_applies=&#8221;bg&#8221; overlay_strength=&#8221;0.3&#8243; gradient_direction=&#8221;left_to_right&#8221; shape_divider_position=&#8221;bottom&#8221; bg_image_animation=&#8221;none&#8221;][vc_column column_padding=&#8221;no-extra-padding&#8221; column_padding_tablet=&#8221;inherit&#8221; column_padding_phone=&#8221;inherit&#8221; column_padding_position=&#8221;all&#8221; column_element_spacing=&#8221;default&#8221; background_color_opacity=&#8221;1&#8243; background_hover_color_opacity=&#8221;1&#8243; column_shadow=&#8221;none&#8221; column_border_radius=&#8221;none&#8221; column_link_target=&#8221;_self&#8221; gradient_direction=&#8221;left_to_right&#8221; overlay_strength=&#8221;0.3&#8243; width=&#8221;1/2&#8243; tablet_width_inherit=&#8221;default&#8221; tablet_text_alignment=&#8221;default&#8221; phone_text_alignment=&#8221;default&#8221; bg_image_animation=&#8221;none&#8221; border_type=&#8221;simple&#8221; column_border_width=&#8221;none&#8221; column_border_style=&#8221;solid&#8221;][vc_column_text]U glavnom gradu zemlje u kojoj je nastao, Muzej ratnog djetinjstva ima<strong> stalnu postavku posvećenu prevashodno iskustvima ljudi čija je djetinjstva obilježio rat u Bosni i Hercegovini 1990-ih godina.</strong> Danas Muzej u svojoj bh. kolekciji čuva preko <strong>6.000 eksponata specifičnog značaja</strong> koji su prikupljeni direktno iz zajednice. Osim toga, Muzej je u BiH snimio i preko <strong>300 sati audio i videosvjedočenja metodom oralne historije.</strong> Briga o svim ovim materijalima je prioritet u radu Muzeja ratnog djetinjstva, te zbog toga ostajemo fokusirani na dugoročnu prezervaciju, ali digitalizaciju, obradu i ustupanje prikupljenih materijala.</p>
<p>I dok bh. kolekcija MRD kontinuirano raste, Muzej također implementira i druge pojedinačne istraživačko-izlagačke projekte poput projekta &#8220;<a href="https://warchildhood.org/ba/djeca-i-genocid-u-srebrenici/" target="_blank" rel="noopener">Djeca i genocid</a>&#8221; implementiranog sa Memorijalnim centrom Srebrenica, odnosno projekta &#8220;<a href="https://warchildhood.org/ba/izlozba-progovarajmo/" target="_blank" rel="noopener">Progovara(j)mo</a>&#8221; implementiranog sa IOM-om. Ova dva projekta prvi su sistematski pokušaji dokumentaciji genocida u Srebrenici iz ugla djece, odnosno iskustava žena koje su kao djeca preživjele seksualno nasilje i djece rođene zbog rata. Samo projekt &#8220;Djeca i genocid&#8221; rezultirao je sa preko 70 sati videosvjedočenja i preko 100 prikupljenih ličnih uspomena.</p>
<p>Kolekcija Muzeja ratnog djetinjstva koristi se u <strong>istraživačke, izlagačke i edukativne svrhe</strong>. Svojom stalnom postavkom u Sarajevu Muzej nastoji:</p>
<ul>
<li>Pružiti jedinstven uvid u dječiju perspektivu rata</li>
<li>Pomoći pojedincima i društvu da prevaziđe traumatična iskustva kroz:</li>
</ul>
<ol type="1">
<li>Pružanje prilike da ispričaju svoje priče, što iz iskustva MRD može podržati procesuiranje traume na ličnom nivou;</li>
<li>Pružanje prilike za povezivanje sa drugima koji dijele slična iskustva, stvarajući osjećaj šire zajednice.</li>
</ol>
<p>Prikupljeni materijali redovno su <strong>korišteni u istraživačke svrhe od strane naučnika i istraživača iz cijelog svijeta.</strong> Prepoznajući vrijednost mirovne edukacije, Muzej koristi prikupljene materijale i u <strong>svojim edukativnim radionicama za učenike svih uzrasta</strong>. Na ovim radionicama oni istražuju, preispituju i uče o značaju mira. Samo u BiH <strong>MRD radi sa više od 200 obrazovnih ustanova i sa hiljadama djece iz osnovnih i srednjih škola svake godine.</strong>[/vc_column_text][/vc_column][vc_column column_padding=&#8221;no-extra-padding&#8221; column_padding_tablet=&#8221;inherit&#8221; column_padding_phone=&#8221;inherit&#8221; column_padding_position=&#8221;all&#8221; column_element_spacing=&#8221;default&#8221; background_color_opacity=&#8221;1&#8243; background_hover_color_opacity=&#8221;1&#8243; column_shadow=&#8221;none&#8221; column_border_radius=&#8221;none&#8221; column_link_target=&#8221;_self&#8221; gradient_direction=&#8221;left_to_right&#8221; overlay_strength=&#8221;0.3&#8243; width=&#8221;1/2&#8243; tablet_width_inherit=&#8221;default&#8221; tablet_text_alignment=&#8221;default&#8221; phone_text_alignment=&#8221;default&#8221; bg_image_animation=&#8221;none&#8221; border_type=&#8221;simple&#8221; column_border_width=&#8221;none&#8221; column_border_style=&#8221;solid&#8221;][vc_gallery type=&#8221;flexslider_style&#8221; images=&#8221;1006,1005,1004,1003,1002,1001,1000&#8243; onclick=&#8221;link_no&#8221;][vc_column_text css=&#8221;.vc_custom_1712670604850{padding-top: 30px !important;padding-right: 30px !important;padding-bottom: 30px !important;padding-left: 30px !important;background-color: #f7f7f7 !important;}&#8221;]
<h2>I ja sam bila izbjeglica</h2>
<p>Na grad su već pucali&#8230; Tata je jedno veče došao kući i rekao: Sutra idete na more!</p>
<p>Spakovala sam kofer: kupaći kostim, sandale, dnevnik. Idemo na more! Ujutro smo se brat, mama, tetka i ja pridružili konvoju koji je napuštao grad. Idemo na more&#8230;  Konvoj su zaustavili ljudi sa crnim maskama. Tri dana su nas držali kao taoce. Da li ću ikada više vidjeti more? Dva mjeseca kasnije stigla sam u Holandiju. Još uvijek sam u Holandiji. Sve moje uspomene su u ovom koferu.</p>
<p>Iva, rođena 1981.[/vc_column_text][/vc_column][/vc_row]
