{"id":27,"date":"2015-07-13T21:30:48","date_gmt":"2015-07-13T21:30:48","guid":{"rendered":"https:\/\/ba.warchildhood.org\/?page_id=27"},"modified":"2025-06-18T12:19:00","modified_gmt":"2025-06-18T10:19:00","slug":"ideja-misija-vizija","status":"publish","type":"page","link":"https:\/\/warchildhood.org\/ba\/ideja-misija-vizija\/","title":{"rendered":"Ideja, misija, vizija"},"content":{"rendered":"[vc_row type=&#8221;grid&#8221; full_screen_row_position=&#8221;middle&#8221; column_margin=&#8221;default&#8221; column_direction=&#8221;default&#8221; column_direction_tablet=&#8221;default&#8221; column_direction_phone=&#8221;default&#8221; scene_position=&#8221;center&#8221; text_color=&#8221;dark&#8221; text_align=&#8221;left&#8221; row_border_radius=&#8221;none&#8221; row_border_radius_applies=&#8221;bg&#8221; overlay_strength=&#8221;0.3&#8243; gradient_direction=&#8221;left_to_right&#8221; shape_divider_position=&#8221;bottom&#8221; bg_image_animation=&#8221;none&#8221; is_fss_bg=&#8221;no&#8221;][vc_column column_padding=&#8221;no-extra-padding&#8221; column_padding_tablet=&#8221;inherit&#8221; column_padding_phone=&#8221;inherit&#8221; column_padding_position=&#8221;all&#8221; column_element_spacing=&#8221;default&#8221; background_color_opacity=&#8221;1&#8243; background_hover_color_opacity=&#8221;1&#8243; column_shadow=&#8221;none&#8221; column_border_radius=&#8221;none&#8221; column_link_target=&#8221;_self&#8221; gradient_direction=&#8221;left_to_right&#8221; overlay_strength=&#8221;0.3&#8243; width=&#8221;1\/2&#8243; tablet_width_inherit=&#8221;default&#8221; tablet_text_alignment=&#8221;default&#8221; phone_text_alignment=&#8221;default&#8221; bg_image_animation=&#8221;none&#8221; border_type=&#8221;simple&#8221; column_border_width=&#8221;none&#8221; column_border_style=&#8221;solid&#8221; dp_animation=&#8221;&#8221;][vc_column_text dp_animation=&#8221;&#8221;][\/vc_column_text][\/vc_column][vc_column column_padding=&#8221;no-extra-padding&#8221; column_padding_tablet=&#8221;inherit&#8221; column_padding_phone=&#8221;inherit&#8221; column_padding_position=&#8221;all&#8221; column_element_spacing=&#8221;default&#8221; background_color_opacity=&#8221;1&#8243; background_hover_color_opacity=&#8221;1&#8243; column_shadow=&#8221;none&#8221; column_border_radius=&#8221;none&#8221; column_link_target=&#8221;_self&#8221; gradient_direction=&#8221;left_to_right&#8221; overlay_strength=&#8221;0.3&#8243; width=&#8221;1\/2&#8243; tablet_width_inherit=&#8221;default&#8221; tablet_text_alignment=&#8221;default&#8221; phone_text_alignment=&#8221;default&#8221; bg_image_animation=&#8221;none&#8221; border_type=&#8221;simple&#8221; column_border_width=&#8221;none&#8221; column_border_style=&#8221;solid&#8221; dp_animation=&#8221;&#8221;][vc_column_text dp_animation=&#8221;&#8221;][\/vc_column_text][\/vc_column][\/vc_row][vc_row type=&#8221;grid&#8221; full_screen_row_position=&#8221;middle&#8221; column_margin=&#8221;default&#8221; column_direction=&#8221;default&#8221; column_direction_tablet=&#8221;default&#8221; column_direction_phone=&#8221;default&#8221; scene_position=&#8221;center&#8221; text_color=&#8221;dark&#8221; text_align=&#8221;left&#8221; row_border_radius=&#8221;none&#8221; row_border_radius_applies=&#8221;bg&#8221; overlay_strength=&#8221;0.3&#8243; gradient_direction=&#8221;left_to_right&#8221; shape_divider_position=&#8221;bottom&#8221; bg_image_animation=&#8221;none&#8221; is_fss_bg=&#8221;no&#8221; css=&#8221;.vc_custom_1616543932557{padding-top: 20px !important;}&#8221;][vc_column column_padding=&#8221;no-extra-padding&#8221; column_padding_tablet=&#8221;inherit&#8221; column_padding_phone=&#8221;inherit&#8221; column_padding_position=&#8221;all&#8221; column_element_spacing=&#8221;default&#8221; background_color_opacity=&#8221;1&#8243; background_hover_color_opacity=&#8221;1&#8243; column_shadow=&#8221;none&#8221; column_border_radius=&#8221;none&#8221; column_link_target=&#8221;_self&#8221; gradient_direction=&#8221;left_to_right&#8221; overlay_strength=&#8221;0.3&#8243; width=&#8221;2\/3&#8243; tablet_width_inherit=&#8221;default&#8221; tablet_text_alignment=&#8221;default&#8221; phone_text_alignment=&#8221;default&#8221; bg_image_animation=&#8221;none&#8221; border_type=&#8221;simple&#8221; column_border_width=&#8221;none&#8221; column_border_style=&#8221;solid&#8221; dp_animation=&#8221;&#8221;][vc_column_text]Tokom dvoipogodi\u0161njeg rada na knjizi \u2018<strong>Djetinjstvo u ratu<\/strong>: Sarajevo 1992\u20131995.\u2019 imao sam priliku upoznati nekoliko stotina u\u010desnika i u\u010desnica i \u010duti njihove pri\u010de i svjedo\u010denja. Nau\u010dio sam koliko je odrastanje u ratu slo\u017eeno, nedovoljno istra\u017eeno i univerzalno iskustvo. Mnogi od njih su mi opisivali ili pokazivali i svoje ratne uspomene: li\u010dne predmete, fotografije, dnevnike, pisma, crte\u017ee i druge dokumente. Dvadeset godina nakon rata, veliki broj tih stvari bio je izgubljen u selidbama, slu\u010dajno ba\u010den ili trajno o\u0161te\u0107en. U maju 2012. godine napisao sam prvi koncept \u2018<strong>Muzeja ratnog djetinjstva<\/strong>\u2019. Moj san je bio da se jednog dana te stvari umuzeje i na taj na\u010din trajno sa\u010duvaju.<\/p>\n<p>Tri godine kasnije, u maju 2015, proces stvaranja ovog Muzeja je zvani\u010dno zapo\u010det. Nakon nekoliko mjeseci, u kolekciji je ve\u0107 nekoliko stotina predmeta i dokumenata. Stvaranje ovog Muzeja nije va\u017eno jedino da bi se trajno sa\u010duvale uspomene na ratno djetinjstvo. Va\u017eno je jer \u0107e ovaj Muzej, za razliku od drugih ratnih muzeja, dokumentovati iskustvo onih koji na zapo\u010dinjanje ratova nemaju nikakvog utjecaja, a svejedno trpe vi\u0161estruke posljedice. Va\u017eno je jer je upravo kroz pri\u010de o iskustvu djece najlak\u0161e posti\u0107i razumijevanje kao pretpostavku za pomirenje. Deset godina nakon otvaranja, Muzej ratnog djetinjstva u Sarajevu bit \u0107e najve\u0107i svjetski arhiv posve\u0107en iskustvu odrastanja u ratu.<\/p>\n<blockquote><p><strong>Misija<\/strong> Muzeja ratnog djetinjstva je kontinuirano i po najvi\u0161im standardima dokumentirati i digitalizirati materijale koji se odnose na odrastanje u ratu, a zatim ih prezentirati kroz razli\u010dite medije, s ciljem edukacije \u0161to \u0161ire publike o ovom iskustvu.<\/p>\n<p><strong>Vizija<\/strong> Muzeja ratnog djetinjstva je na individualnom nivou pomo\u0107i prevazila\u017eenje traume i sprje\u010davanje traumatizacije drugih, a na kolektivnom me\u0111usobno razumijevanje, s ciljem da se podr\u017ei li\u010dni i dru\u0161tveni razvoj.<\/p><\/blockquote>\n<p>U uvodnoj rije\u010di za knjigu \u2018Djetinjstvo u ratu\u2019 napisao sam da se nadam da \u0107e knjiga pomo\u0107i razumijevanju ovog specifi\u010dnog iskustva, ali i doprinijeti ja\u010danju svijesti odraslih o njihovoj odgovornosti da kreiraju bolji svijet za djecu. Nadam se da \u0107e Muzej ratnog djetinjstva biti u prilici u\u010diniti i vi\u0161e od toga.<\/p>\n<p>U Sarajevu, 27. 7. 2015.<\/p>\n<p>Inicijator i direktor Muzeja ratnog djetinjstva,<br \/>\nJasminko Halilovi\u0107[\/vc_column_text][\/vc_column][vc_column column_padding=&#8221;no-extra-padding&#8221; column_padding_tablet=&#8221;inherit&#8221; column_padding_phone=&#8221;inherit&#8221; column_padding_position=&#8221;all&#8221; column_element_spacing=&#8221;default&#8221; background_color_opacity=&#8221;1&#8243; background_hover_color_opacity=&#8221;1&#8243; column_shadow=&#8221;none&#8221; column_border_radius=&#8221;none&#8221; column_link_target=&#8221;_self&#8221; gradient_direction=&#8221;left_to_right&#8221; overlay_strength=&#8221;0.3&#8243; width=&#8221;1\/3&#8243; tablet_width_inherit=&#8221;default&#8221; tablet_text_alignment=&#8221;default&#8221; phone_text_alignment=&#8221;default&#8221; bg_image_animation=&#8221;none&#8221; border_type=&#8221;simple&#8221; column_border_width=&#8221;none&#8221; column_border_style=&#8221;solid&#8221; dp_animation=&#8221;&#8221;][vc_widget_sidebar sidebar_id=&#8221;page-sidebar&#8221;][\/vc_column][\/vc_row]\n","protected":false},"excerpt":{"rendered":"<p>[vc_row type=&#8221;grid&#8221; full_screen_row_position=&#8221;middle&#8221; column_margin=&#8221;default&#8221; column_direction=&#8221;default&#8221; column_direction_tablet=&#8221;default&#8221; column_direction_phone=&#8221;default&#8221; scene_position=&#8221;center&#8221; text_color=&#8221;dark&#8221; text_align=&#8221;left&#8221; row_border_radius=&#8221;none&#8221; row_border_radius_applies=&#8221;bg&#8221; overlay_strength=&#8221;0.3&#8243; gradient_direction=&#8221;left_to_right&#8221; shape_divider_position=&#8221;bottom&#8221; bg_image_animation=&#8221;none&#8221; is_fss_bg=&#8221;no&#8221;][vc_column column_padding=&#8221;no-extra-padding&#8221; column_padding_tablet=&#8221;inherit&#8221; column_padding_phone=&#8221;inherit&#8221; column_padding_position=&#8221;all&#8221; column_element_spacing=&#8221;default&#8221; background_color_opacity=&#8221;1&#8243; background_hover_color_opacity=&#8221;1&#8243; column_shadow=&#8221;none&#8221; column_border_radius=&#8221;none&#8221; column_link_target=&#8221;_self&#8221; gradient_direction=&#8221;left_to_right&#8221; overlay_strength=&#8221;0.3&#8243; width=&#8221;1\/2&#8243;&#8230;<\/p>\n","protected":false},"author":1,"featured_media":0,"parent":0,"menu_order":0,"comment_status":"closed","ping_status":"closed","template":"","meta":{"give_campaign_id":0,"_seopress_robots_primary_cat":"","_seopress_titles_title":"Ideja, misija, vizija | Muzej ratnog djetinjstva","_seopress_titles_desc":"Misija Muzeja ratnog djetinjstva je kontinuirano i po najvi\u0161im standardima dokumentirati i digitalizirati materijale koji se odnose na odrastanje u ratu, a zatim ih prezentirati kroz razli\u010dite medije, s ciljem edukacije \u0161to \u0161ire publike o ovom iskustvu.","_seopress_robots_index":"","footnotes":""},"class_list":["post-27","page","type-page","status-publish"],"campaignId":"","_links":{"self":[{"href":"https:\/\/warchildhood.org\/ba\/wp-json\/wp\/v2\/pages\/27","targetHints":{"allow":["GET"]}}],"collection":[{"href":"https:\/\/warchildhood.org\/ba\/wp-json\/wp\/v2\/pages"}],"about":[{"href":"https:\/\/warchildhood.org\/ba\/wp-json\/wp\/v2\/types\/page"}],"author":[{"embeddable":true,"href":"https:\/\/warchildhood.org\/ba\/wp-json\/wp\/v2\/users\/1"}],"replies":[{"embeddable":true,"href":"https:\/\/warchildhood.org\/ba\/wp-json\/wp\/v2\/comments?post=27"}],"version-history":[{"count":9,"href":"https:\/\/warchildhood.org\/ba\/wp-json\/wp\/v2\/pages\/27\/revisions"}],"predecessor-version":[{"id":5724,"href":"https:\/\/warchildhood.org\/ba\/wp-json\/wp\/v2\/pages\/27\/revisions\/5724"}],"wp:attachment":[{"href":"https:\/\/warchildhood.org\/ba\/wp-json\/wp\/v2\/media?parent=27"}],"curies":[{"name":"wp","href":"https:\/\/api.w.org\/{rel}","templated":true}]}}

[vc_row type=&#8221;grid&#8221; full_screen_row_position=&#8221;middle&#8221; column_margin=&#8221;default&#8221; column_direction=&#8221;default&#8221; column_direction_tablet=&#8221;default&#8221; column_direction_phone=&#8221;default&#8221; scene_position=&#8221;center&#8221; text_color=&#8221;dark&#8221; text_align=&#8221;left&#8221; row_border_radius=&#8221;none&#8221; row_border_radius_applies=&#8221;bg&#8221; overlay_strength=&#8221;0.3&#8243; gradient_direction=&#8221;left_to_right&#8221; shape_divider_position=&#8221;bottom&#8221; bg_image_animation=&#8221;none&#8221; is_fss_bg=&#8221;no&#8221;][vc_column column_padding=&#8221;no-extra-padding&#8221; column_padding_tablet=&#8221;inherit&#8221; column_padding_phone=&#8221;inherit&#8221; column_padding_position=&#8221;all&#8221; column_element_spacing=&#8221;default&#8221; background_color_opacity=&#8221;1&#8243; background_hover_color_opacity=&#8221;1&#8243; column_shadow=&#8221;none&#8221; column_border_radius=&#8221;none&#8221; column_link_target=&#8221;_self&#8221; gradient_direction=&#8221;left_to_right&#8221; overlay_strength=&#8221;0.3&#8243; width=&#8221;1/2&#8243; tablet_width_inherit=&#8221;default&#8221; tablet_text_alignment=&#8221;default&#8221; phone_text_alignment=&#8221;default&#8221; bg_image_animation=&#8221;none&#8221; border_type=&#8221;simple&#8221; column_border_width=&#8221;none&#8221; column_border_style=&#8221;solid&#8221; dp_animation=&#8221;&#8221;][vc_column_text dp_animation=&#8221;&#8221;][/vc_column_text][/vc_column][vc_column column_padding=&#8221;no-extra-padding&#8221; column_padding_tablet=&#8221;inherit&#8221; column_padding_phone=&#8221;inherit&#8221; column_padding_position=&#8221;all&#8221; column_element_spacing=&#8221;default&#8221; background_color_opacity=&#8221;1&#8243; background_hover_color_opacity=&#8221;1&#8243; column_shadow=&#8221;none&#8221; column_border_radius=&#8221;none&#8221; column_link_target=&#8221;_self&#8221; gradient_direction=&#8221;left_to_right&#8221; overlay_strength=&#8221;0.3&#8243; width=&#8221;1/2&#8243; tablet_width_inherit=&#8221;default&#8221; tablet_text_alignment=&#8221;default&#8221; phone_text_alignment=&#8221;default&#8221; bg_image_animation=&#8221;none&#8221; border_type=&#8221;simple&#8221; column_border_width=&#8221;none&#8221; column_border_style=&#8221;solid&#8221; dp_animation=&#8221;&#8221;][vc_column_text dp_animation=&#8221;&#8221;][/vc_column_text][/vc_column][/vc_row][vc_row type=&#8221;grid&#8221; full_screen_row_position=&#8221;middle&#8221; column_margin=&#8221;default&#8221; column_direction=&#8221;default&#8221; column_direction_tablet=&#8221;default&#8221; column_direction_phone=&#8221;default&#8221; scene_position=&#8221;center&#8221; text_color=&#8221;dark&#8221; text_align=&#8221;left&#8221; row_border_radius=&#8221;none&#8221; row_border_radius_applies=&#8221;bg&#8221; overlay_strength=&#8221;0.3&#8243; gradient_direction=&#8221;left_to_right&#8221; shape_divider_position=&#8221;bottom&#8221; bg_image_animation=&#8221;none&#8221; is_fss_bg=&#8221;no&#8221; css=&#8221;.vc_custom_1616543932557{padding-top: 20px !important;}&#8221;][vc_column column_padding=&#8221;no-extra-padding&#8221; column_padding_tablet=&#8221;inherit&#8221; column_padding_phone=&#8221;inherit&#8221; column_padding_position=&#8221;all&#8221; column_element_spacing=&#8221;default&#8221; background_color_opacity=&#8221;1&#8243; background_hover_color_opacity=&#8221;1&#8243; column_shadow=&#8221;none&#8221; column_border_radius=&#8221;none&#8221; column_link_target=&#8221;_self&#8221; gradient_direction=&#8221;left_to_right&#8221; overlay_strength=&#8221;0.3&#8243; width=&#8221;2/3&#8243; tablet_width_inherit=&#8221;default&#8221; tablet_text_alignment=&#8221;default&#8221; phone_text_alignment=&#8221;default&#8221; bg_image_animation=&#8221;none&#8221; border_type=&#8221;simple&#8221; column_border_width=&#8221;none&#8221; column_border_style=&#8221;solid&#8221; dp_animation=&#8221;&#8221;][vc_column_text]Tokom dvoipogodišnjeg rada na knjizi ‘<strong>Djetinjstvo u ratu</strong>: Sarajevo 1992–1995.’ imao sam priliku upoznati nekoliko stotina učesnika i učesnica i čuti njihove priče i svjedočenja. Naučio sam koliko je odrastanje u ratu složeno, nedovoljno istraženo i univerzalno iskustvo. Mnogi od njih su mi opisivali ili pokazivali i svoje ratne uspomene: lične predmete, fotografije, dnevnike, pisma, crteže i druge dokumente. Dvadeset godina nakon rata, veliki broj tih stvari bio je izgubljen u selidbama, slučajno bačen ili trajno oštećen. U maju 2012. godine napisao sam prvi koncept ‘<strong>Muzeja ratnog djetinjstva</strong>’. Moj san je bio da se jednog dana te stvari umuzeje i na taj način trajno sačuvaju.</p>
<p>Tri godine kasnije, u maju 2015, proces stvaranja ovog Muzeja je zvanično započet. Nakon nekoliko mjeseci, u kolekciji je već nekoliko stotina predmeta i dokumenata. Stvaranje ovog Muzeja nije važno jedino da bi se trajno sačuvale uspomene na ratno djetinjstvo. Važno je jer će ovaj Muzej, za razliku od drugih ratnih muzeja, dokumentovati iskustvo onih koji na započinjanje ratova nemaju nikakvog utjecaja, a svejedno trpe višestruke posljedice. Važno je jer je upravo kroz priče o iskustvu djece najlakše postići razumijevanje kao pretpostavku za pomirenje. Deset godina nakon otvaranja, Muzej ratnog djetinjstva u Sarajevu bit će najveći svjetski arhiv posvećen iskustvu odrastanja u ratu.</p>
<blockquote><p><strong>Misija</strong> Muzeja ratnog djetinjstva je kontinuirano i po najvišim standardima dokumentirati i digitalizirati materijale koji se odnose na odrastanje u ratu, a zatim ih prezentirati kroz različite medije, s ciljem edukacije što šire publike o ovom iskustvu.</p>
<p><strong>Vizija</strong> Muzeja ratnog djetinjstva je na individualnom nivou pomoći prevazilaženje traume i sprječavanje traumatizacije drugih, a na kolektivnom međusobno razumijevanje, s ciljem da se podrži lični i društveni razvoj.</p></blockquote>
<p>U uvodnoj riječi za knjigu ‘Djetinjstvo u ratu’ napisao sam da se nadam da će knjiga pomoći razumijevanju ovog specifičnog iskustva, ali i doprinijeti jačanju svijesti odraslih o njihovoj odgovornosti da kreiraju bolji svijet za djecu. Nadam se da će Muzej ratnog djetinjstva biti u prilici učiniti i više od toga.</p>
<p>U Sarajevu, 27. 7. 2015.</p>
<p>Inicijator i direktor Muzeja ratnog djetinjstva,<br />
Jasminko Halilović[/vc_column_text][/vc_column][vc_column column_padding=&#8221;no-extra-padding&#8221; column_padding_tablet=&#8221;inherit&#8221; column_padding_phone=&#8221;inherit&#8221; column_padding_position=&#8221;all&#8221; column_element_spacing=&#8221;default&#8221; background_color_opacity=&#8221;1&#8243; background_hover_color_opacity=&#8221;1&#8243; column_shadow=&#8221;none&#8221; column_border_radius=&#8221;none&#8221; column_link_target=&#8221;_self&#8221; gradient_direction=&#8221;left_to_right&#8221; overlay_strength=&#8221;0.3&#8243; width=&#8221;1/3&#8243; tablet_width_inherit=&#8221;default&#8221; tablet_text_alignment=&#8221;default&#8221; phone_text_alignment=&#8221;default&#8221; bg_image_animation=&#8221;none&#8221; border_type=&#8221;simple&#8221; column_border_width=&#8221;none&#8221; column_border_style=&#8221;solid&#8221; dp_animation=&#8221;&#8221;][vc_widget_sidebar sidebar_id=&#8221;page-sidebar&#8221;][/vc_column][/vc_row]

Misija Muzeja ratnog djetinjstva je kontinuirano i po najvišim standardima dokumentirati i digitalizirati materijale koji se odnose na odrastanje u ratu, a zatim ih prezentirati kroz različite medije, s ciljem edukacije što šire publike o ovom iskustvu.
