{"id":524,"date":"2017-11-17T19:34:57","date_gmt":"2017-11-17T19:34:57","guid":{"rendered":"https:\/\/ba.warchildhood.org\/?page_id=524"},"modified":"2025-06-18T13:01:39","modified_gmt":"2025-06-18T11:01:39","slug":"iskustva-djece-izbjeglica-iz-sirije","status":"publish","type":"page","link":"https:\/\/warchildhood.org\/ba\/iskustva-djece-izbjeglica-iz-sirije\/","title":{"rendered":"Iskustva djece izbjeglica iz Sirije"},"content":{"rendered":"[vc_row type=&#8221;grid&#8221; full_screen_row_position=&#8221;middle&#8221; column_margin=&#8221;default&#8221; column_direction=&#8221;default&#8221; column_direction_tablet=&#8221;default&#8221; column_direction_phone=&#8221;default&#8221; scene_position=&#8221;center&#8221; text_color=&#8221;dark&#8221; text_align=&#8221;left&#8221; row_border_radius=&#8221;none&#8221; row_border_radius_applies=&#8221;bg&#8221; overlay_strength=&#8221;0.3&#8243; gradient_direction=&#8221;left_to_right&#8221; shape_divider_position=&#8221;bottom&#8221; bg_image_animation=&#8221;none&#8221; is_fss_bg=&#8221;no&#8221;][vc_column column_padding=&#8221;no-extra-padding&#8221; column_padding_tablet=&#8221;inherit&#8221; column_padding_phone=&#8221;inherit&#8221; column_padding_position=&#8221;all&#8221; column_element_spacing=&#8221;default&#8221; background_color_opacity=&#8221;1&#8243; background_hover_color_opacity=&#8221;1&#8243; column_shadow=&#8221;none&#8221; column_border_radius=&#8221;none&#8221; column_link_target=&#8221;_self&#8221; gradient_direction=&#8221;left_to_right&#8221; overlay_strength=&#8221;0.3&#8243; width=&#8221;1\/2&#8243; tablet_width_inherit=&#8221;default&#8221; tablet_text_alignment=&#8221;default&#8221; phone_text_alignment=&#8221;default&#8221; bg_image_animation=&#8221;none&#8221; border_type=&#8221;simple&#8221; column_border_width=&#8221;none&#8221; column_border_style=&#8221;solid&#8221; dp_animation=&#8221;&#8221;][vc_column_text dp_animation=&#8221;&#8221;]\n[\/vc_column_text][\/vc_column][vc_column column_padding=&#8221;no-extra-padding&#8221; column_padding_tablet=&#8221;inherit&#8221; column_padding_phone=&#8221;inherit&#8221; column_padding_position=&#8221;all&#8221; column_element_spacing=&#8221;default&#8221; background_color_opacity=&#8221;1&#8243; background_hover_color_opacity=&#8221;1&#8243; column_shadow=&#8221;none&#8221; column_border_radius=&#8221;none&#8221; column_link_target=&#8221;_self&#8221; gradient_direction=&#8221;left_to_right&#8221; overlay_strength=&#8221;0.3&#8243; width=&#8221;1\/2&#8243; tablet_width_inherit=&#8221;default&#8221; tablet_text_alignment=&#8221;default&#8221; phone_text_alignment=&#8221;default&#8221; bg_image_animation=&#8221;none&#8221; border_type=&#8221;simple&#8221; column_border_width=&#8221;none&#8221; column_border_style=&#8221;solid&#8221; dp_animation=&#8221;&#8221;][vc_column_text dp_animation=&#8221;&#8221;]\n[\/vc_column_text][\/vc_column][\/vc_row][vc_row type=&#8221;grid&#8221; full_screen_row_position=&#8221;middle&#8221; column_margin=&#8221;default&#8221; column_direction=&#8221;default&#8221; column_direction_tablet=&#8221;default&#8221; column_direction_phone=&#8221;default&#8221; scene_position=&#8221;center&#8221; text_color=&#8221;dark&#8221; text_align=&#8221;left&#8221; row_border_radius=&#8221;none&#8221; row_border_radius_applies=&#8221;bg&#8221; overlay_strength=&#8221;0.3&#8243; gradient_direction=&#8221;left_to_right&#8221; shape_divider_position=&#8221;bottom&#8221; bg_image_animation=&#8221;none&#8221; is_fss_bg=&#8221;no&#8221; css=&#8221;.vc_custom_1617892277674{padding-top: 70px !important;}&#8221;][vc_column column_padding=&#8221;no-extra-padding&#8221; column_padding_tablet=&#8221;inherit&#8221; column_padding_phone=&#8221;inherit&#8221; column_padding_position=&#8221;all&#8221; column_element_spacing=&#8221;default&#8221; background_color_opacity=&#8221;1&#8243; background_hover_color_opacity=&#8221;1&#8243; column_shadow=&#8221;none&#8221; column_border_radius=&#8221;none&#8221; column_link_target=&#8221;_self&#8221; gradient_direction=&#8221;left_to_right&#8221; overlay_strength=&#8221;0.3&#8243; width=&#8221;2\/3&#8243; tablet_width_inherit=&#8221;default&#8221; tablet_text_alignment=&#8221;default&#8221; phone_text_alignment=&#8221;default&#8221; bg_image_animation=&#8221;none&#8221; border_type=&#8221;simple&#8221; column_border_width=&#8221;none&#8221; column_border_style=&#8221;solid&#8221; dp_animation=&#8221;&#8221;][vc_column_text]Zajedno sa \u010detiri partnerske organizacije (<strong>Basmeh &amp; Zeitooneh, SadalSuud Foundation, From Syria with Love <\/strong>and<strong> Sawa Foundation<\/strong>), Muzej ratnog djetinjstva dokumentovao je iskustva preko 100 djece izbjeglica iz Sirije koja borave u Libanu. Ovo je bio prvi zna\u010dajniji me\u0111unarodni projekt Muzeja ratnog djetinjstva nakon njegovog osnivanja u BiH.<\/p>\n<p>Prikupljeni materijali kori\u0161teni su zatim za razvoj izlo\u017ebe o iskustvu djece izbjeglica iz Sirije. Ovom izlo\u017ebom Muzej nastoji:<\/p>\n<ul>\n<li>Pru\u017eiti vrijedan uvid u dje\u010diju perspektivu njihove trenutne situacije i statusa<\/li>\n<li>Pomo\u0107i djeci da bolje razumiju i nose se sa svojim iskustvima kroz:<\/li>\n<\/ul>\n<ol>\n<li>Pru\u017eanje prilike da svoje li\u010dne pri\u010de podijele sa \u0161irim publikama, \u0161to im mo\u017ee pomo\u0107i da se osje\u0107aju vidljivim<\/li>\n<li>Pru\u017eanjem prilike da se pove\u017eu sa drugima koji su imali sli\u010dna iskustva, \u0161to im mo\u017ee dati osje\u0107aj pripadnosti \u0161iroj zajednici<\/li>\n<\/ol>\n<ul>\n<li>Podi\u0107i svijest, a posebno me\u0111u gra\u0111anima zemalja koje primaju izbjeglice, o potrebama djece izbjeglica, uslovima u kojim \u017eive i njihovim iskustvima, kona\u010dno doprinose\u0107i integraciji izbjeglica.<\/li>\n<\/ul>\n<p>Izlo\u017eba koju je Muzej ratnog djetinjstva predstavio 2018. godine bila je posebno relevantna u svjetlu izbjegli\u010dke krize koja je pokrenula pitanja o identitetu, granicama, toleranciji i empatiji. Ova izlo\u017eba predstavila je razli\u010dite aspekte iskustava djece izbjeglica iz Sirije, otkrivaju\u0107i ne samo njihove pote\u0161ko\u0107e, ve\u0107 i njihovu snagu, kreativnost, te nadu za mirnu budu\u0107nost. Prezentiraju\u0107i dje\u010dije pri\u010de i predmete, Muzej \u017eeli doprinijeti humanizaciji izbjeglica u o\u010dima zajednica koje se s njima susre\u0107u, \u0161to rezultira unapre\u0111enjem statusa djece izbjeglica u ovim dru\u0161tvima.<\/p>\n<p>Izlo\u017eba je predstavljena u Muzeju ratnog djetinjstva u Sarajevu, a neki od eksponata i pri\u010da i na putuju\u0107im izlo\u017ebama MRD. O izlo\u017ebi su pisali neki od vode\u0107ih me\u0111unarodnih medija, ali i ve\u0107ina zna\u010dajnijih medija na Bliskom istoku, uklju\u010duju\u0107i i Sirijsku dr\u017eavnu televiziju.[\/vc_column_text][\/vc_column][vc_column column_padding=&#8221;no-extra-padding&#8221; column_padding_tablet=&#8221;inherit&#8221; column_padding_phone=&#8221;inherit&#8221; column_padding_position=&#8221;all&#8221; column_element_spacing=&#8221;default&#8221; background_color_opacity=&#8221;1&#8243; background_hover_color_opacity=&#8221;1&#8243; column_shadow=&#8221;none&#8221; column_border_radius=&#8221;none&#8221; column_link_target=&#8221;_self&#8221; gradient_direction=&#8221;left_to_right&#8221; overlay_strength=&#8221;0.3&#8243; width=&#8221;1\/3&#8243; tablet_width_inherit=&#8221;default&#8221; tablet_text_alignment=&#8221;default&#8221; phone_text_alignment=&#8221;default&#8221; bg_image_animation=&#8221;none&#8221; border_type=&#8221;simple&#8221; column_border_width=&#8221;none&#8221; column_border_style=&#8221;solid&#8221; dp_animation=&#8221;&#8221;][vc_widget_sidebar sidebar_id=&#8221;page-sidebar&#8221;][\/vc_column][\/vc_row]\n","protected":false},"excerpt":{"rendered":"<p>[vc_row type=&#8221;grid&#8221; full_screen_row_position=&#8221;middle&#8221; column_margin=&#8221;default&#8221; column_direction=&#8221;default&#8221; column_direction_tablet=&#8221;default&#8221; column_direction_phone=&#8221;default&#8221; scene_position=&#8221;center&#8221; text_color=&#8221;dark&#8221; text_align=&#8221;left&#8221; row_border_radius=&#8221;none&#8221; row_border_radius_applies=&#8221;bg&#8221; overlay_strength=&#8221;0.3&#8243; gradient_direction=&#8221;left_to_right&#8221; shape_divider_position=&#8221;bottom&#8221; bg_image_animation=&#8221;none&#8221; is_fss_bg=&#8221;no&#8221;][vc_column column_padding=&#8221;no-extra-padding&#8221; column_padding_tablet=&#8221;inherit&#8221; column_padding_phone=&#8221;inherit&#8221; column_padding_position=&#8221;all&#8221; column_element_spacing=&#8221;default&#8221; background_color_opacity=&#8221;1&#8243; background_hover_color_opacity=&#8221;1&#8243; column_shadow=&#8221;none&#8221; column_border_radius=&#8221;none&#8221; column_link_target=&#8221;_self&#8221; gradient_direction=&#8221;left_to_right&#8221; overlay_strength=&#8221;0.3&#8243; width=&#8221;1\/2&#8243;&#8230;<\/p>\n","protected":false},"author":1,"featured_media":0,"parent":0,"menu_order":0,"comment_status":"closed","ping_status":"closed","template":"","meta":{"give_campaign_id":0,"_seopress_robots_primary_cat":"","_seopress_titles_title":"","_seopress_titles_desc":"Zajedno sa \u010detiri partnerske organizacije Muzej ratnog djetinjstva dokumentovao je iskustva preko 100 djece izbjeglica iz Sirije koja borave u Libanu.","_seopress_robots_index":"","footnotes":""},"class_list":["post-524","page","type-page","status-publish"],"campaignId":"","_links":{"self":[{"href":"https:\/\/warchildhood.org\/ba\/wp-json\/wp\/v2\/pages\/524","targetHints":{"allow":["GET"]}}],"collection":[{"href":"https:\/\/warchildhood.org\/ba\/wp-json\/wp\/v2\/pages"}],"about":[{"href":"https:\/\/warchildhood.org\/ba\/wp-json\/wp\/v2\/types\/page"}],"author":[{"embeddable":true,"href":"https:\/\/warchildhood.org\/ba\/wp-json\/wp\/v2\/users\/1"}],"replies":[{"embeddable":true,"href":"https:\/\/warchildhood.org\/ba\/wp-json\/wp\/v2\/comments?post=524"}],"version-history":[{"count":5,"href":"https:\/\/warchildhood.org\/ba\/wp-json\/wp\/v2\/pages\/524\/revisions"}],"predecessor-version":[{"id":5734,"href":"https:\/\/warchildhood.org\/ba\/wp-json\/wp\/v2\/pages\/524\/revisions\/5734"}],"wp:attachment":[{"href":"https:\/\/warchildhood.org\/ba\/wp-json\/wp\/v2\/media?parent=524"}],"curies":[{"name":"wp","href":"https:\/\/api.w.org\/{rel}","templated":true}]}}

[vc_row type=&#8221;grid&#8221; full_screen_row_position=&#8221;middle&#8221; column_margin=&#8221;default&#8221; column_direction=&#8221;default&#8221; column_direction_tablet=&#8221;default&#8221; column_direction_phone=&#8221;default&#8221; scene_position=&#8221;center&#8221; text_color=&#8221;dark&#8221; text_align=&#8221;left&#8221; row_border_radius=&#8221;none&#8221; row_border_radius_applies=&#8221;bg&#8221; overlay_strength=&#8221;0.3&#8243; gradient_direction=&#8221;left_to_right&#8221; shape_divider_position=&#8221;bottom&#8221; bg_image_animation=&#8221;none&#8221; is_fss_bg=&#8221;no&#8221;][vc_column column_padding=&#8221;no-extra-padding&#8221; column_padding_tablet=&#8221;inherit&#8221; column_padding_phone=&#8221;inherit&#8221; column_padding_position=&#8221;all&#8221; column_element_spacing=&#8221;default&#8221; background_color_opacity=&#8221;1&#8243; background_hover_color_opacity=&#8221;1&#8243; column_shadow=&#8221;none&#8221; column_border_radius=&#8221;none&#8221; column_link_target=&#8221;_self&#8221; gradient_direction=&#8221;left_to_right&#8221; overlay_strength=&#8221;0.3&#8243; width=&#8221;1/2&#8243; tablet_width_inherit=&#8221;default&#8221; tablet_text_alignment=&#8221;default&#8221; phone_text_alignment=&#8221;default&#8221; bg_image_animation=&#8221;none&#8221; border_type=&#8221;simple&#8221; column_border_width=&#8221;none&#8221; column_border_style=&#8221;solid&#8221; dp_animation=&#8221;&#8221;][vc_column_text dp_animation=&#8221;&#8221;]
[/vc_column_text][/vc_column][vc_column column_padding=&#8221;no-extra-padding&#8221; column_padding_tablet=&#8221;inherit&#8221; column_padding_phone=&#8221;inherit&#8221; column_padding_position=&#8221;all&#8221; column_element_spacing=&#8221;default&#8221; background_color_opacity=&#8221;1&#8243; background_hover_color_opacity=&#8221;1&#8243; column_shadow=&#8221;none&#8221; column_border_radius=&#8221;none&#8221; column_link_target=&#8221;_self&#8221; gradient_direction=&#8221;left_to_right&#8221; overlay_strength=&#8221;0.3&#8243; width=&#8221;1/2&#8243; tablet_width_inherit=&#8221;default&#8221; tablet_text_alignment=&#8221;default&#8221; phone_text_alignment=&#8221;default&#8221; bg_image_animation=&#8221;none&#8221; border_type=&#8221;simple&#8221; column_border_width=&#8221;none&#8221; column_border_style=&#8221;solid&#8221; dp_animation=&#8221;&#8221;][vc_column_text dp_animation=&#8221;&#8221;]
[/vc_column_text][/vc_column][/vc_row][vc_row type=&#8221;grid&#8221; full_screen_row_position=&#8221;middle&#8221; column_margin=&#8221;default&#8221; column_direction=&#8221;default&#8221; column_direction_tablet=&#8221;default&#8221; column_direction_phone=&#8221;default&#8221; scene_position=&#8221;center&#8221; text_color=&#8221;dark&#8221; text_align=&#8221;left&#8221; row_border_radius=&#8221;none&#8221; row_border_radius_applies=&#8221;bg&#8221; overlay_strength=&#8221;0.3&#8243; gradient_direction=&#8221;left_to_right&#8221; shape_divider_position=&#8221;bottom&#8221; bg_image_animation=&#8221;none&#8221; is_fss_bg=&#8221;no&#8221; css=&#8221;.vc_custom_1617892277674{padding-top: 70px !important;}&#8221;][vc_column column_padding=&#8221;no-extra-padding&#8221; column_padding_tablet=&#8221;inherit&#8221; column_padding_phone=&#8221;inherit&#8221; column_padding_position=&#8221;all&#8221; column_element_spacing=&#8221;default&#8221; background_color_opacity=&#8221;1&#8243; background_hover_color_opacity=&#8221;1&#8243; column_shadow=&#8221;none&#8221; column_border_radius=&#8221;none&#8221; column_link_target=&#8221;_self&#8221; gradient_direction=&#8221;left_to_right&#8221; overlay_strength=&#8221;0.3&#8243; width=&#8221;2/3&#8243; tablet_width_inherit=&#8221;default&#8221; tablet_text_alignment=&#8221;default&#8221; phone_text_alignment=&#8221;default&#8221; bg_image_animation=&#8221;none&#8221; border_type=&#8221;simple&#8221; column_border_width=&#8221;none&#8221; column_border_style=&#8221;solid&#8221; dp_animation=&#8221;&#8221;][vc_column_text]Zajedno sa četiri partnerske organizacije (<strong>Basmeh &amp; Zeitooneh, SadalSuud Foundation, From Syria with Love </strong>and<strong> Sawa Foundation</strong>), Muzej ratnog djetinjstva dokumentovao je iskustva preko 100 djece izbjeglica iz Sirije koja borave u Libanu. Ovo je bio prvi značajniji međunarodni projekt Muzeja ratnog djetinjstva nakon njegovog osnivanja u BiH.</p>
<p>Prikupljeni materijali korišteni su zatim za razvoj izložbe o iskustvu djece izbjeglica iz Sirije. Ovom izložbom Muzej nastoji:</p>
<ul>
<li>Pružiti vrijedan uvid u dječiju perspektivu njihove trenutne situacije i statusa</li>
<li>Pomoći djeci da bolje razumiju i nose se sa svojim iskustvima kroz:</li>
</ul>
<ol>
<li>Pružanje prilike da svoje lične priče podijele sa širim publikama, što im može pomoći da se osjećaju vidljivim</li>
<li>Pružanjem prilike da se povežu sa drugima koji su imali slična iskustva, što im može dati osjećaj pripadnosti široj zajednici</li>
</ol>
<ul>
<li>Podići svijest, a posebno među građanima zemalja koje primaju izbjeglice, o potrebama djece izbjeglica, uslovima u kojim žive i njihovim iskustvima, konačno doprinoseći integraciji izbjeglica.</li>
</ul>
<p>Izložba koju je Muzej ratnog djetinjstva predstavio 2018. godine bila je posebno relevantna u svjetlu izbjegličke krize koja je pokrenula pitanja o identitetu, granicama, toleranciji i empatiji. Ova izložba predstavila je različite aspekte iskustava djece izbjeglica iz Sirije, otkrivajući ne samo njihove poteškoće, već i njihovu snagu, kreativnost, te nadu za mirnu budućnost. Prezentirajući dječije priče i predmete, Muzej želi doprinijeti humanizaciji izbjeglica u očima zajednica koje se s njima susreću, što rezultira unapređenjem statusa djece izbjeglica u ovim društvima.</p>
<p>Izložba je predstavljena u Muzeju ratnog djetinjstva u Sarajevu, a neki od eksponata i priča i na putujućim izložbama MRD. O izložbi su pisali neki od vodećih međunarodnih medija, ali i većina značajnijih medija na Bliskom istoku, uključujući i Sirijsku državnu televiziju.[/vc_column_text][/vc_column][vc_column column_padding=&#8221;no-extra-padding&#8221; column_padding_tablet=&#8221;inherit&#8221; column_padding_phone=&#8221;inherit&#8221; column_padding_position=&#8221;all&#8221; column_element_spacing=&#8221;default&#8221; background_color_opacity=&#8221;1&#8243; background_hover_color_opacity=&#8221;1&#8243; column_shadow=&#8221;none&#8221; column_border_radius=&#8221;none&#8221; column_link_target=&#8221;_self&#8221; gradient_direction=&#8221;left_to_right&#8221; overlay_strength=&#8221;0.3&#8243; width=&#8221;1/3&#8243; tablet_width_inherit=&#8221;default&#8221; tablet_text_alignment=&#8221;default&#8221; phone_text_alignment=&#8221;default&#8221; bg_image_animation=&#8221;none&#8221; border_type=&#8221;simple&#8221; column_border_width=&#8221;none&#8221; column_border_style=&#8221;solid&#8221; dp_animation=&#8221;&#8221;][vc_widget_sidebar sidebar_id=&#8221;page-sidebar&#8221;][/vc_column][/vc_row]

Zajedno sa četiri partnerske organizacije Muzej ratnog djetinjstva dokumentovao je iskustva preko 100 djece izbjeglica iz Sirije koja borave u Libanu.
